 2 - -79) + (-7266 - -7265).
80
-13 - (-17 - 39) - -23
66
What is the value of -7 + (41 - 14 - 29) + (2 - -1)?
-6
(27 - 37) + 52 + -31 + 69
80
-2311 - -2299 - (-1 - (-2 - 0) - -3)
-16
Evaluate -14 - (-6 - -11 - 1).
-18
What is (56 - 13) + (-42 - -62 - (-6 + 2))?
67
-397 + 402 + -3 + 3 - (-1 - -18)
-12
21 + -85 + 69 + (-13 - (2 - 1))
-9
-101 + -6 - 3 - 35
-145
What is the value of -112 - -5 - (660 - 705)?
-62
What is -560 - -569 - (-3 + (-4 - -5) - (0 - 83))?
-72
1378 - 1405 - (21 + 1 - -3)
-52
What is the value of -1 + 6 + (24 - 31 - -19 - 5)?
12
What is the value of (-59 - -43) + -5 + 40?
19
What is -32 - (-21 - (-33 + 25)) - 1?
-20
Evaluate -43 + 135 - (49 + -39).
82
What is -99 + -120 + (-41 - -285)?
25
Evaluate (5195 - 5100) + (1 - 158).
-62
(11 - 8) + 5 - 16 - (-2 + 3)
-9
What is the value of -39 + 5 - (-4 + 6 + -3)?
-33
Evaluate -3 - 27 - (43 - (-6 - -11)).
-68
1 + -42 - (54 - (37 + 19))
-39
Calculate -37 + (-18 - (6 - (3 + 4) - 11)).
-43
Calculate -60 + (-82 - -40) + 76.
-26
Calculate 4 - (3 + -4 + (-29 - -16) + -18).
36
What is -677 + 598 - (3 - 9)?
-73
Evaluate (-64 - (-71 - -51)) + 104.
60
What is 461 + -457 + (-3 - -7) + (-4 - (10 + 10))?
-16
-3 - (66 - -1) - (-79 + 23 - -48)
-62
What is -2 + (19 + -39 - -12) - -95?
85
Evaluate (3 - -21 - 4) + (0 + -39 - -29).
10
Calculate -17 + -1 - (1749 - 1867).
100
(-9 - -22) + -5 + 6 + (8 - 5 - -5)
22
Calculate (-3 - (-7 - -3) - -1) + (42 - (24 + 32)).
-12
-98 + 85 - (-2 - (6 - 2) - 53)
46
What is the value of -45 + (-3 - -43) + -20?
-25
What is -15 + (8 - (2 - (-15 + 4)))?
-20
Evaluate (8 - 99) + 35 + (-7 - 25).
-88
What is the value of (-16 - (-2 + -1)) + (-51 - (19 + (51 - 37)))?
-97
(-88 - 15) + 94 + (-21 - 0)
-30
Calculate (1 + -4 + -151 + 155 - 51) + 2 + -8.
-56
What is the value of (5 - ((4 - -5) + -4 + -1 + 2)) + 106?
105
Calculate 91 + (153 - 63) + -128.
53
25 + (-7 + -5 - (-71 + 48)) + (-1 - 3)
32
What is (8 - (-5 - -26 - 23)) + 1 + 38 + -1?
48
Calculate 6 - -50 - (-4 + 8 - -6).
46
Evaluate -34 + -15 + 95 + -37.
9
Evaluate (3 - -6) + -19 + -6 + 117 + -14.
87
Evaluate (-451 - -430) + (-44 - 2) - -17.
-50
What is the value of 1 + -40 + 28 - -51?
40
What is 1 + 1 + -17 + -18139 + 18119?
-35
What is -164 - -143 - (0 + 90 + (-22 - -27))?
-116
(-13 - -1 - (58 + -37)) + -4
-37
Evaluate (17 - (9 + 25)) + (19 + -22 - 21).
-41
Calculate -109 + (29 - 15) + -6 + (9 - -1).
-91
Calculate (-9 - 2) + 16 + (-22 - -16 - (-31 - -12)).
18
What is the value of 0 + (16 + (22 - 1 - -12) - 8) + -13?
28
Evaluate (-14 + -1 - (73 - 64 - -49)) + 0.
-73
22 + 2 + 120 + -134 - (-35 + -5)
50
What is the value of (1048 - 1000) + (16 - 9)?
55
Evaluate 8 - (-9 - -16 - 3) - (0 + 65).
-61
-42 - (65 + -77 - 61)
31
What is -42 + 91 - 94 - -5?
-40
What is the value of -93 - (-35 + (25 - 15) + -16 + 21)?
-73
What is the value of (-151 + 125 - (-1 - -7)) + 83?
51
-61 + (16 - -10) - -33
-2
1437 + -1426 - (0 - 0 - -26)
-15
Calculate (-41 - -27) + 86 - (-4 + 1 + (4 - 7)).
78
What is the value of (-1487 - -1539) + (-63 - -1)?
-10
Evaluate -38 + 68 + -39 + -3 - (-29 + 3).
14
65 + 70 + 73 + -235
-27
Evaluate 0 + 22 + (-152 - -156).
26
-27 - (-57 - (-63 - -52))
19
What is the value of -36 + -2 + (34 - (-6 - -17)) + (37 - 0)?
22
What is the value of -1802 + 1812 - (-1 + 22 + 0 + 16 + -13)?
-14
What is the value of -20 - -22 - -14 - -25 - -3?
44
What is (0 + -5 - 15 - -19) + 46?
45
What is the value of (-20 - -5) + (15 - -20 - -9)?
29
Calculate -11 - (8 - (-6 + -4 + 8 + 10 - 14)).
-25
Evaluate 33 + -8 + 12 + -6 - 40.
-9
Evaluate -16 - ((-65 - 0) + 135 + 19 + -138).
33
Calculate 1 + -6 + (-1 - 6 - (-8 + -4 + -1)).
1
(-6 - -77) + -28 + 63 + -47
59
What is (5 - 2) + (-3 + -1 - 14 - 20)?
-35
What is -12 + 25 - (-5 - 2) - (-156 - -172)?
4
Calculate 144 + -69 + -63 - -67.
79
Calculate (12 - (-5 - (-60 + 9))) + (4 - (-15 - -12)).
-27
-90 + 21 + 27 + -39 + 12
-69
Calculate (-2 - -16) + -4 + -8 + (34 - 12).
24
Evaluate (11 - -22) + -44 + -73 + 38.
-46
28 - 37 - 54 - -12
-51
What is 0 + -24 + (-87 + 44 - -13)?
-54
Evaluate -4 + 30 - ((-10 - -3) + -20 + 14).
39
Evaluate (25 - -7 - 70 - -73) + -66.
-31
3 + (20 + (-21 - -3) + 5 - (-3 - 52))
65
What is the value of (45 - (67 - 13)) + 38?
29
-10 + (101 - 93 - (0 + 11)) - 9
-22
Evaluate (3 + 1 - (323 + -334)) + -22 - (3 - -38).
-48
Calculate 22 + 17 + -18 + 13 - 16.
18
What is the value of -121 + 20 + -19 + 25 - 14?
-109
Evaluate 3 + 5 + 4 - ((-7 - 0) + 9 + -8).
18
What is -1 + 57 + -5 + 6 + 158 + -163?
52
111 - (114 - (76 - 93))
-20
Evaluate (-7 + -1 - (-19 + 5)) + (-17 - -15) + -62.
-58
What is -52 + 0 + 22 + 46?
16
-15 - (-12 + 0 + -9 + 13)
-7
Evaluate (3 + -1 - (109 + -1)) + (-160 + 682 - 516).
-100
What is the value of (-3 - -2) + 7 + -1 + -18 + 7 - 53?
-59
Evaluate (1 + -3 - 51) + (-215 - -210) - 1.
-59
(32 - -2) + 2 - (-18 - (-21 + 9))
42
23 + -40 - (-12 + (18 - 130 - 6))
113
What is the value of (5 - 53) + (11 - (27 - 20)) - -4?
-40
Calculate (-24 - (3 - 27)) + -2 + -96 + 0.
-98
Evaluate (-31 - 1 - (-1393 + 1421)) + -30.
-90
Evaluate -9 + 0 + 67 + -64 + (-9 + 41 - 0).
26
Evaluate (-116 - -55) + 69 + (-30 - (-1 - -1)).
-22
Calculate 124 - (133 - -149) - -112.
-46
Evaluate 0 + 8 - (-1 - -5) - -1 - (280 + -246).
-29
292 + -307 + (15 - (2 - -4))
-6
Calculate -180 + (-103 - -94 - -136).
-53
Evaluate -42 + 51 + (23 + -12 - -5).
25
What is (1 + -13 - ((54 - 28) + -40)) + 69?
71
Evaluate -25 + (-21 - -89) + (9 - -21).
73
What is the value of (18 - -37) + 172 + -149?
78
Evaluate -15 - (-26 - ((-3 - (0 + -9 + 8)) + -11)).
-2
Calculate 11 + -85 + (26 - 9) + -32.
-89
What is -20 + 1 + -33 + (8 - -13)?
-31
Evaluate -2 + -7 - (11 + (7 - ((14 - 43) + -12))).
-68
Evaluate (13 - 5) + -25 + 21 + -48.
-44
What is (27 + -8 - (9 + (4 - 4))) + -7?
3
(0 - (32 + 45)) + 79
2
What is -59 + (-3 - 6) + (-164 - -142)?
-90
What is the value of -2 + 44 + -2 + 1 + 2583 + -2591?
33
-1 - 29 - (925 - 947)
-8
Calculate (28 - -1) + (-39 + -95 - -144).
39
What is -43 + 14 + 81 + -54?
-2
Calculate 857 - 886 - (-21 + -1) - (8 - 2).
-13
What is the value of -19 - (142 - 76 - 62)?
-23
What is 4 + -22 + -4 - -24 - 30?
-28
What is -14 + -2 + (5 + 12 - 5) + 102 + 12?
110
What is the value of -44 - -3 - (-20 - -20) - (-8 - (-2 + -8))?
-43
Calculate -146 - (-93 - (35 - 103)).
-121
Evaluate 110 - (25 + (9 - 25) + (-9 - -5)).
105
Calculate 114 + 1 - (-5006 - -5075) - (-2 + 0 - 8).
56
What is the value of -5621 + 5747 - (-1 + 1 + (8 - -4))?
114
What is the value of 9 - (76 + -79) - 57?
-45
Calculate (-15 - -1) + (12 - -41) + -24 + -4.
11
12 - (-9 + -74 + 19)
76
Calculate 20 - (-4 - -7 - 13) - 26.
4
Evaluate -66 + 215 + -14 + -64.
71
What is the value of 9 - ((-3 + -2 + -20 - -12) + (109 - 0))?
-87
What is (-46 + 22 - (-6 - 3) - -49) + -14?
20
Calculate 21 - -1 - (3207 + -3223).
38
What is the value of -143 + (25 - -92) - (44 - -5)?
-75
What is (-114 - (144 + -283)) + -132?
-107
What is the value of (7 + -22 + 40 - 18) + 16 - -9?
32
Evaluate -79 + 135 + -19 + -63 + -5.
-31
Calculate 49 + (8 - 78 - -50).
29
What is the value of (-1 - (7 - 9)) + 5 + 15 - 42?
-21
What is the value of (4 - 6 - ((-9 - -4) + 2)) + (-90 - -89)?
0
Calculate -47 - (-33 + 32) - (0 - 1 - 11).
-34
What is the value of 14 + 8 - (-4 - (-9 + 21 + -10))?
28
What is -206 - -75 - -198 - (-1 + -20 - -4)?
84
Calculate (5 + -22 - -1) + -131 + 58 + 12.
-77
What is 4 + 12 + -22 + 8 + 2?
4
What is the value of -16 - (-9 + -18) - (20 + 0 + -8) - 53?
-54
What is 252 + -65 + 73 - 116?
144
Calculate 21 + (17 - 22 - -9 - 22).
3
Calculate (-52 - -1 - (-206 - -169)) + 40.
26
62 - 2 - (-22 - 3 - (421 - 438))
68
Evaluate (24 - ((-7 - -15) + 8)) + -10 + 1 + -57.
-58
Evaluate (-97 - -32) + 168 + -28.
75
Calculate -105 - -131 - (54 - 8).
-20
What is the value of 0 + -10 + (8 + 29 + (0 - -2) - 10)?
19
Evaluate -41 - (5 - (23 - -18) - -1).
-6
Calculate 1 - (6 - (28 - 87)).
-64
Evaluate -9 + ((167 - 169) + (17 - -1) - (-6 - -14)).
-1
Evaluate (-6 - (13 - (44 + 0 + -3))) + -2.
20
What is the value of -99 + -1 + -2 + 0 + (-44 - (-48 + 5))?
-103
What is the value of 50 - (8 + 139) - -135?
38
What is -20 - -16 - (-18 + -3) - (41 + -54)?
30
Calculate (-56 - (-21 - -16)) + (9 - 17 - (-2 - 0)).
-57
-27 + -37 + 67 - (2 + (11 - 1))
-9
What is the value of 1 - -12 - ((3 - 3) + -5 - (839 + -816))?
41
Wh